 + 1252, r + 305 = h. What is the tens digit of h?
0
Let m(v) = v**2 + 3*v + 1. Let q be m(-4). Suppose 216 = q*k + 16. What is the units digit of k?
0
Suppose -15 = -15*x + 105. Suppose -f = -x*f + 1239. What is the hundreds digit of f?
1
Let g(f) = -2*f**3 + 2 + f**3 - 4*f + 6*f**2 - 2. Let x be g(5). Suppose x*z = 11 + 109. What is the units digit of z?
4
Suppose -13 + 611 = 2*d. What is the tens digit of d?
9
Suppose -27*q - 21*q = -85920. What is the units digit of q?
0
Let i(u) = 5*u**3 - u + 1. Let o be i(1). Suppose 1 = o*p + 6. Let h(r) = -22*r**3 + 2*r**2 - 1. What is the tens digit of h(p)?
2
Let x be 310/60 - 2/12. Suppose -2*b - 292 = -2*q, x*q - 6*b = -2*b + 729. What is the units digit of q?
5
Suppose -3*g + s + 9 = 0, 2*g + 3*g - 15 = 4*s. Suppose 132 = o - g*y + 7*y, -3*o = 3*y - 378. What is the tens digit of o?
2
Suppose -4*y - 12 = -y - 5*v, -v + 3 = 0. Let s be (2/(-6))/(y/(-6)). Suppose -s*r + 36 = -0*r. What is the units digit of r?
8
Suppose 2*f + 3*t = -0*f + 481, -3*t = 4*f - 971. Suppose 3*j - 249 = -5*r - j, -f = -5*r - 5*j. What is the units digit of r?
3
Let u(d) = 3*d**2 + 4*d + 1. Let p be u(-2). Suppose -p*t - 6 = 4. What is the units digit of 3 - t*30/4?
8
Let x(v) = -v**2 - 8*v - 3. Let u be x(-7). Suppose -5 = 2*p + 3*h - 1, 0 = 5*p + u*h - 4. Let r = 3 + p. What is the units digit of r?
7
What is the tens digit of 30/45*(46 - 1)?
3
Suppose -3 = g, 5*d - 4 = g + 19. Suppose 3*l = d*l - 17. Let h = 19 - l. What is the units digit of h?
2
Let g be (-4)/(-2) + 262 + 0. Suppose 8*h = 12*h - g. What is the units digit of h?
6
Suppose -5*i - 4 - 11 = 0. Let h be 0 + (0 + -2 - i). What is the units digit of h/((-1)/(88/(-4)))?
2
Let h = 235 + 511. What is the hundreds digit of h?
7
Let z be -11 + 1 + -4 + 2. Let n = 11 + z. Let q(k) = 6*k**2 - 2*k - 1. What is the units digit of q(n)?
7
Let b(z) be the second derivative of z**4/12 - 3*z**3/2 - z**2 + 4*z. Let w be b(7). What is the tens digit of (-212)/w - (-4)/(-16)?
1
Let h(j) be the first derivative of 11*j**2/2 + 6*j + 7. What is the units digit of h(5)?
1
Let r(w) = 8*w**2 + 5*w - 1 - 7*w**2 + 8*w**2 + 5. What is the units digit of r(3)?
0
Let o(x) = -49*x + 25. Let t(w) = -148*w + 74. Let v(p) = 8*o(p) - 3*t(p). Let s be v(9). What is the units digit of s/10 + (-15)/25?
4
Let l = 55 + -61. Let h(x) = 4*x**2 + 3*x + 6. What is the units digit of h(l)?
2
Let i be (-3)/(-21) - 40/(-14). Suppose i*d - 12 = 0, 2*r + 3*d - 224 = d. What is the tens digit of r?
0
Let b = -14 - -31. Suppose 0 = 5*n + 118 - 193. Let h = n + b. What is the tens digit of h?
3
Let d be 29*(0 + 4) - 3. Suppose -4*h + 148 = -g, 3*h = g - 2 + d. What is the units digit of h?
7
Let s(j) = -15*j - 53. Let h be s(-9). Let b = h - -64. What is the hundreds digit of b?
1
Suppose 0*v - 2*v = 0. Suppose 0 = -2*p - v + 4. Suppose -2*c + 3*j = p*c - 2, -4*j = 2*c - 12. What is the units digit of c?
2
Suppose -2*w + 0*w = 4. Let d(k) = k - 19. Let p be d(10). Let t = w - p. What is the units digit of t?
7
Let t(z) = z**2 + 7*z + 7. Let v be t(-5). What is the units digit of v - (112*2)/(-4)?
3
Suppose -2*j - 2*u = 0, 5*j = -4*u - 0*u. Suppose 0 = -p - j*p + 134. Suppose 2*t = t - d + 67, 2*t = -5*d + p. What is the tens digit of t?
6
Let v = 119 + -66. Suppose 6*q - v + 17 = 0. What is the units digit of q?
6
Let f = 502 + -332. Let a = f - 83. What is the tens digit of a?
8
Suppose -80 = 5*z - 3*z. Let l = z - -43. What is the units digit of l?
3
What is the thousands digit of (-1049)/(2/(-12)*2)?
3
Let s = -16 - -15. Let r(j) = -8*j**3 + 2*j**2 + 3*j + 1. What is the units digit of r(s)?
8
What is the tens digit of 29968/(-32)*(0 + -2)?
7
Let v(u) = 3*u + 2. Let s be v(2). Let o = -897 + 853. What is the tens digit of 3*(-2)/(s/o)?
3
Suppose -3*i + a + 11 = 2*i, 13 = 5*i - 3*a. Suppose -2*y = -7*y + 3*l + 28, 0 = -2*l - i. Suppose y*k - 69 = -4. What is the units digit of k?
3
Suppose 3*n - 5448 = -3*s, -2*s + 1533 = n - 278. What is the thousands digit of n?
1
Suppose 4*l - 3 = -3*y + 48, -y - 4*l = -25. Let c = y + -9. Suppose -3*g = -3*n - 24, 0*g - n = 2*g - c. What is the units digit of g?
4
Suppose -23330 = -237*v + 232*v + 5*y, 5*v - 4*y - 23329 = 0. What is the hundreds digit of v?
6
Suppose 3*k - 4 = 2*k. Suppose k + 4 = 4*c. Suppose 8*q = 4*q + c*a + 164, -q = -2*a - 44. What is the tens digit of q?
4
Let t = -14 + 16. Let x be 3/t*(-2)/3. What is the units digit of (36/(-30))/(x/5)?
6
Let n be (-1)/((5/6)/(-5)). Suppose -49 = -5*t + n. Let c = t + -4. What is the units digit of c?
7
Let x(p) = -p**3 - 4*p**2 + 49*p + 59. What is the tens digit of x(-15)?
9
Let a be -2 - (-1 - (-1 + -2)). Let j be 1*(-12)/a + 1. Suppose j*i + 0*i - 108 = 0. What is the tens digit of i?
2
What is the units digit of ((-380)/16)/(4/(-16))?
5
Let h = -3672 + 5386. What is the thousands digit of h?
1
Let l(h) = 3*h**2 - 13*h + 34. What is the units digit of l(-8)?
0
What is the units digit of 16/((-112)/(-9345)) - 10?
5
Let v(b) = 3*b**3 + 4*b**2 - 12*b + 8. Let r be v(4). Suppose -2*f + p + r = 0, 3*f - 2*p - 117 = 206. What is the units digit of f?
9
Suppose -4299 - 1541 = -5*z. What is the tens digit of z?
6
Let n(v) be the third derivative of v**5/60 + v**4/8 + 5*v**3/6 - 4*v**2. Let i be n(-6). Suppose -w + i = -2*p, w + 2*p - 11 = 28. What is the tens digit of w?
3
Let q(p) = -14*p - 26 + 36 - 33 - 11*p**2 - p**3. What is the tens digit of q(-10)?
1
Suppose -5*k - 4*x = -25 - 23, x = -3. Let r = -8 + k. Suppose r*c - 28 = 16. What is the tens digit of c?
1
Let j = 2442 - -1037. What is the hundreds digit of j?
4
Let y = 3177 - 1299. What is the thousands digit of y?
1
Suppose 5*p + 30 = 2*p. Let c = -4 - p. Suppose -7*v + c*v = -42. What is the units digit of v?
2
Let j(v) = 4*v - 19. Let o be j(6). Suppose -3*q + 3*n = q - 656, -5*n + 785 = o*q. What is the tens digit of q?
6
Suppose 0 = 4*v - 2*v - 4, 4*h - 4*v - 44 = 0. Suppose h*q = 5*q + 192. What is the tens digit of q?
2
Let i be ((330/4)/3)/((-1)/(-2)). Suppose 27 = -l + i. What is the tens digit of l?
2
Suppose -756 = -2*x - 8*o + 13*o, 3*x - 2*o - 1112 = 0. What is the hundreds digit of x?
3
Let n(y) be the third derivative of y**5/20 + y**4/24 + y**3/6 + 3*y**2 - y. What is the hundreds digit of n(9)?
2
Let y(w) = -27*w - 9. What is the hundreds digit of y(-5)?
1
Suppose 2*b - 7*b = t - 1044, t - 3*b - 1076 = 0. What is the tens digit of t?
6
Let g be (3 - (-2 + 8))*-1. Suppose -g*r - 423 = -3*h, 4*r - 139 = -h + 7*r. What is the hundreds digit of h?
1
Let a(r) = r**2 - 17*r + 1. Let c be a(-4). Suppose -14*q + c = -13*q. What is the units digit of q?
5
Let a = -475 - -1370. What is the units digit of a?
5
Let a be ((-9)/((-45)/(-10)))/((-2)/5). Suppose -a*l - 48 = -603. What is the hundreds digit of l?
1
Let t(s) = 9*s**3 - 2*s**2 - 18*s + 9. What is the tens digit of t(5)?
9
Suppose -4*j + 5 = g - 7, -20 = -2*j + 3*g. Suppose 0 = j*o - 79 - 357. What is the hundreds digit of o?
1
Let y(q) = 124*q - 47. What is the tens digit of y(6)?
9
Suppose 7 - 4 = 3*r. Suppose 1 + r = 2*j. What is the units digit of (1/(-3))/(j/(-114))?
8
Let x = 8 - 8. Let h = -8 - x. Let o = 10 + h. What is the units digit of o?
2
Let q = 20 + -4. Let t = q - 13. Suppose u - t*l = -3*u + 32, 5*u - 47 = 2*l. What is the units digit of u?
1
Suppose 0 = 25*p - 34*p + 423. What is the units digit of p?
7
What is the units digit of (-1)/(-8) - 132780/(-160)?
0
Let s(u) = 44*u**2 - 3*u - 6. What is the units digit of s(-2)?
6
Suppose -11*f + 49249 = 6*f. What is the hundreds digit of f?
8
Suppose -2*q - 3*y = 2*y - 9, -4*q - 5*y = -13. Let o(z) = 13*z - 4*z - 18 - q*z. What is the tens digit of o(8)?
3
What is the thousands digit of 3 + 7 - (23 - 2341)?
2
Let d(l) = 85*l - 90. What is the hundreds digit of d(12)?
9
Suppose 5*w = 2*o - 397, -2*o + 602 = o - w. What is the tens digit of o?
0
Suppose 1833 = 4*t + 3*a, 4*t - 2*a = -3*a + 1827. What is the units digit of t?
6
Suppose -20*d = -18*d - 52. Let o = d - -176. What is the tens digit of o?
0
Let j(k) = -k + 2. Let g be j(-1). Suppose 0 = 5*v - g*i - 246, 0*i + 5*i + 58 = v. What is the tens digit of v?
4
Let v = -4 + 0. Let k be v*(-1)/(-2)*-4. Let h = 57 - k. What is the tens digit of h?
4
Let n(p) = -p**2 - p + 3